{"id":25,"date":"2023-06-05T23:49:49","date_gmt":"2023-06-05T21:49:49","guid":{"rendered":"http:\/\/canada2023.localhost\/?page_id=25"},"modified":"2026-06-23T14:31:36","modified_gmt":"2026-06-23T12:31:36","slug":"a-propos","status":"publish","type":"page","link":"https:\/\/canada.choeurdefilles.be\/index.php\/a-propos\/","title":{"rendered":"\u00c0 propos"},"content":{"rendered":"\n<figure class=\"wp-block-image size-large\"><a href=\"https:\/\/canada.choeurdefilles.be\/wp-content\/uploads\/2026\/06\/MELOPEE_2026_CANADA-1024x367.png\" class=\"image-link\"><img loading=\"lazy\" decoding=\"async\" width=\"1024\" height=\"367\" src=\"https:\/\/canada.choeurdefilles.be\/wp-content\/uploads\/2026\/06\/MELOPEE_2026_CANADA-1024x367.png\" alt=\"\" class=\"wp-image-1312\" srcset=\"https:\/\/canada.choeurdefilles.be\/wp-content\/uploads\/2026\/06\/MELOPEE_2026_CANADA-1024x367.png 1024w, https:\/\/canada.choeurdefilles.be\/wp-content\/uploads\/2026\/06\/MELOPEE_2026_CANADA-300x107.png 300w, https:\/\/canada.choeurdefilles.be\/wp-content\/uploads\/2026\/06\/MELOPEE_2026_CANADA-768x275.png 768w, https:\/\/canada.choeurdefilles.be\/wp-content\/uploads\/2026\/06\/MELOPEE_2026_CANADA-1536x550.png 1536w, https:\/\/canada.choeurdefilles.be\/wp-content\/uploads\/2026\/06\/MELOPEE_2026_CANADA-2048x734.png 2048w, https:\/\/canada.choeurdefilles.be\/wp-content\/uploads\/2026\/06\/MELOPEE_2026_CANADA-519x186.png 519w\" sizes=\"auto, (max-width: 1024px) 100vw, 1024px\" \/><\/a><\/figure>\n\n\n\n<p class=\"wp-block-paragraph\">Fond\u00e9 en 2011, <a href=\"https:\/\/choeurdefilles.be\" data-type=\"link\" data-id=\"https:\/\/choeurdefilles.be\">M\u00e9lop\u00e9e<\/a> est un ch\u0153ur de jeunes filles \u00e2g\u00e9es de 5 \u00e0 18 ans. Bien plus qu\u2019un simple ch\u0153ur, M\u00e9lop\u00e9e est devenu au fil des ann\u00e9es une v\u00e9ritable \u00e9cole de chant choral et de vie. Leur passion commune ? Go\u00fbter au plaisir de chanter ensemble tout simplement.<\/p>\n\n\n\n<p class=\"wp-block-paragraph\">Les tourn\u00e9es musicales \u00e0 l&rsquo;\u00e9tranger constituent une exp\u00e9rience unique et des rencontres exceptionnelles avec des chorales locales et des familles d\u2019accueil. Depuis leur cr\u00e9ation, la chorale a effectu\u00e9 plusieurs voyages, tout d&rsquo;abord en Belgique, et ensuite au Portugal en 2017, au Canada (Qu\u00e9bec et Nouveau-Brunswick) en 2019 et en 2023 et au Br\u00e9sil en 2024. La tourn\u00e9e au Canada de 2026 est donc la troisi\u00e8me venue du ch\u0153ur de filles en Belle Province\u00a0!<\/p>\n\n\n\n<p class=\"wp-block-paragraph\">Le pr\u00e9sent site web permet de suivre les aventures de ces jeunes choristes au Canada durant les deux semaines de leur tourn\u00e9e, du 3 au 18 juillet 2026. Il sera mis \u00e0 jour r\u00e9guli\u00e8rement tout au long du voyage via diverses publications. Il est possible de r\u00e9agir \u00e0 ces publications via les commentaires.<\/p>\n\n\n\n<hr class=\"wp-block-separator has-alpha-channel-opacity\"\/>\n\n\n\n<p class=\"wp-block-paragraph\"><em><span style=\"color: #808080;\">Pour toute remarque concernant ce site ou des \u00e9ventuels commentaires inappropri\u00e9s, veuillez utiliser l&rsquo;adresse e-mail de contact\u00a0: <\/span><\/em><a href=\"mailto:melopee@choeurdefilles.be\">melopee<\/a><a href=\"mailto:info@choeurdefilles.be\">@choeurdefilles.be<\/a><em><span style=\"color: #808080;\">.<\/span><\/em><\/p>\n","protected":false},"excerpt":{"rendered":"<p>Fond\u00e9 en 2011, M\u00e9lop\u00e9e est un ch\u0153ur de jeunes filles \u00e2g\u00e9es de 5 \u00e0 18 ans. Bien plus qu\u2019un simple ch\u0153ur, M\u00e9lop\u00e9e est devenu au fil des ann\u00e9es une v\u00e9ritable \u00e9cole de chant choral et de vie. Leur passion commune ? Go\u00fbter au plaisir de chanter ensemble tout simplement. Les tourn\u00e9es musicales \u00e0 l&rsquo;\u00e9tranger constituent [&hellip;]<\/p>\n","protected":false},"author":1,"featured_media":0,"parent":0,"menu_order":9,"comment_status":"closed","ping_status":"closed","template":"","meta":{"footnotes":""},"class_list":["post-25","page","type-page","status-publish","hentry"],"_links":{"self":[{"href":"https:\/\/canada.choeurdefilles.be\/index.php\/wp-json\/wp\/v2\/pages\/25","targetHints":{"allow":["GET"]}}],"collection":[{"href":"https:\/\/canada.choeurdefilles.be\/index.php\/wp-json\/wp\/v2\/pages"}],"about":[{"href":"https:\/\/canada.choeurdefilles.be\/index.php\/wp-json\/wp\/v2\/types\/page"}],"author":[{"embeddable":true,"href":"https:\/\/canada.choeurdefilles.be\/index.php\/wp-json\/wp\/v2\/users\/1"}],"replies":[{"embeddable":true,"href":"https:\/\/canada.choeurdefilles.be\/index.php\/wp-json\/wp\/v2\/comments?post=25"}],"version-history":[{"count":21,"href":"https:\/\/canada.choeurdefilles.be\/index.php\/wp-json\/wp\/v2\/pages\/25\/revisions"}],"predecessor-version":[{"id":1320,"href":"https:\/\/canada.choeurdefilles.be\/index.php\/wp-json\/wp\/v2\/pages\/25\/revisions\/1320"}],"wp:attachment":[{"href":"https:\/\/canada.choeurdefilles.be\/index.php\/wp-json\/wp\/v2\/media?parent=25"}],"curies":[{"name":"wp","href":"https:\/\/api.w.org\/{rel}","templated":true}]}}

À propos

<figure class="wp-block-image size-large"><a href="https://canada.choeurdefilles.be/wp-content/uploads/2026/06/MELOPEE_2026_CANADA-1024x367.png" class="image-link"><img loading="lazy" decoding="async" width="1024" height="367" src="https://canada.choeurdefilles.be/wp-content/uploads/2026/06/MELOPEE_2026_CANADA-1024x367.png" alt="" class="wp-image-1312" srcset="https://canada.choeurdefilles.be/wp-content/uploads/2026/06/MELOPEE_2026_CANADA-1024x367.png 1024w, https://canada.choeurdefilles.be/wp-content/uploads/2026/06/MELOPEE_2026_CANADA-300x107.png 300w, https://canada.choeurdefilles.be/wp-content/uploads/2026/06/MELOPEE_2026_CANADA-768x275.png 768w, https://canada.choeurdefilles.be/wp-content/uploads/2026/06/MELOPEE_2026_CANADA-1536x550.png 1536w, https://canada.choeurdefilles.be/wp-content/uploads/2026/06/MELOPEE_2026_CANADA-2048x734.png 2048w, https://canada.choeurdefilles.be/wp-content/uploads/2026/06/MELOPEE_2026_CANADA-519x186.png 519w" sizes="auto, (max-width: 1024px) 100vw, 1024px" /></a></figure>



<p class="wp-block-paragraph">Fondé en 2011, <a href="https://choeurdefilles.be" data-type="link" data-id="https://choeurdefilles.be">Mélopée</a> est un chœur de jeunes filles âgées de 5 à 18 ans. Bien plus qu’un simple chœur, Mélopée est devenu au fil des années une véritable école de chant choral et de vie. Leur passion commune ? Goûter au plaisir de chanter ensemble tout simplement.</p>



<p class="wp-block-paragraph">Les tournées musicales à l&rsquo;étranger constituent une expérience unique et des rencontres exceptionnelles avec des chorales locales et des familles d’accueil. Depuis leur création, la chorale a effectué plusieurs voyages, tout d&rsquo;abord en Belgique, et ensuite au Portugal en 2017, au Canada (Québec et Nouveau-Brunswick) en 2019 et en 2023 et au Brésil en 2024. La tournée au Canada de 2026 est donc la troisième venue du chœur de filles en Belle Province !</p>



<p class="wp-block-paragraph">Le présent site web permet de suivre les aventures de ces jeunes choristes au Canada durant les deux semaines de leur tournée, du 3 au 18 juillet 2026. Il sera mis à jour régulièrement tout au long du voyage via diverses publications. Il est possible de réagir à ces publications via les commentaires.</p>



<hr class="wp-block-separator has-alpha-channel-opacity"/>



<p class="wp-block-paragraph"><em><span style="color: #808080;">Pour toute remarque concernant ce site ou des éventuels commentaires inappropriés, veuillez utiliser l&rsquo;adresse e-mail de contact : </span></em><a href="mailto:melopee@choeurdefilles.be">melopee</a><a href="mailto:info@choeurdefilles.be">@choeurdefilles.be</a><em><span style="color: #808080;">.</span></em></p>

<p>Fondé en 2011, Mélopée est un chœur de jeunes filles âgées de 5 à 18 ans. Bien plus qu’un simple chœur, Mélopée est devenu au fil des années une véritable école de chant choral et de vie. Leur passion commune ? Goûter au plaisir de chanter ensemble tout simplement. Les tournées musicales à l&rsquo;étranger constituent [&hellip;]</p>
